 -200111201210?
-200110201121
In base 16, what is 123c - 612?
c2a
In base 3, what is -110002220 - 111202?
-110121122
In base 4, what is 10 + -311311232?
-311311222
In base 4, what is 1031002123010 + 10?
1031002123020
In base 11, what is 5 - -4298403?
4298408
In base 9, what is -433461 + -42?
-433513
In base 9, what is -22531 + 118570?
86038
In base 16, what is -4 - -899e9?
899e5
In base 14, what is -3 + -6a879?
-6a87c
In base 12, what is 63660 + 2b?
6368b
In base 8, what is 1416 + -60626?
-57210
In base 13, what is 254b568 - -3?
254b56b
In base 13, what is -1 + 134b78a?
134b789
In base 6, what is 45314 - 112155?
-22441
In base 12, what is -1 - -9238b8?
9238b7
In base 8, what is 17213121 + -22?
17213077
In base 2, what is 1001100110011101101011 + 11110?
1001100110011110001001
In base 13, what is -25b6c8a - -7?
-25b6c83
In base 16, what is -55ffa + -3b?
-56035
In base 11, what is 31064 + 13391?
44445
In base 3, what is 2001 + 10212221011220?
10212221020221
In base 12, what is 21a7 + -28?
217b
In base 11, what is a9 + 5741?
583a
In base 10, what is -1 - 37782782?
-37782783
In base 4, what is 22323233 + -313331?
22003302
In base 14, what is -1c + 178d09d?
178d081
In base 9, what is -1665 + -21170?
-22845
In base 11, what is -118732a + 10a?
-1187220
In base 13, what is -1065 + -90b22?
-91b87
In base 3, what is -1202222 + 100020220?
21110221
In base 4, what is -3003112231332 - -20?
-3003112231312
In base 9, what is 8 + -2763750?
-2763741
In base 6, what is -415 - 21405313?
-21410132
In base 12, what is -143 + -64486?
-64609
In base 5, what is -1002 + 114113?
113111
In base 15, what is -161 - 3abb6?
-3ad27
In base 5, what is -2 + -110110140?
-110110142
In base 3, what is 1120101101210 - 10?
1120101101200
In base 9, what is -4 + 38602317?
38602313
In base 2, what is -101 + -1000000011101010001000000111?
-1000000011101010001000001100
In base 11, what is -4934036 - 16?
-4934051
In base 16, what is 4 + 1a24e9?
1a24ed
In base 5, what is 3 + -20433121003?
-20433121000
In base 16, what is 58d35 + 63?
58d98
In base 6, what is 155024050 + 3?
155024053
In base 11, what is -299 + -883?
-1071
In base 3, what is -200000010021 - 112212?
-200000200010
In base 4, what is -20232022 - -3322?
-20222100
In base 14, what is 44b5012 + -1?
44b5011
In base 5, what is 233 + -10012201?
-10011413
In base 7, what is -1365513220 + 1?
-1365513216
In base 4, what is -1223031 + -112022?
-2001113
In base 5, what is 20422112 + -22?
20422040
In base 7, what is 32360521636 + -1?
32360521635
In base 15, what is -c663 - -43c?
-c226
In base 10, what is 378761 + 246?
379007
In base 11, what is 763521528 + 2?
76352152a
In base 10, what is 63 + 111069?
111132
In base 3, what is 12220221 + -1120011?
11100210
In base 11, what is -127394670 + -3?
-127394673
In base 13, what is -27209 + -194?
-273a0
In base 6, what is -24 + -3120313?
-3120341
In base 9, what is -667433 + 33?
-667400
In base 16, what is -3f + 3657?
3618
In base 6, what is -103010 - 253?
-103303
In base 10, what is -21855480 - -5?
-21855475
In base 9, what is 0 - -147030?
147030
In base 3, what is 10121 - 111102110210212?
-111102110200021
In base 13, what is -24 - 8270b9?
-827110
In base 10, what is 1308856 + -269?
1308587
In base 16, what is 6f9b + -6073?
f28
In base 3, what is 222112022220112 + 2?
222112022220121
In base 11, what is -21 + -8262a59?
-8262a7a
In base 16, what is 70d30 + -2?
70d2e
In base 15, what is 447 + 599?
9e1
In base 4, what is -1231330003313 + 23?
-1231330003230
In base 8, what is 5526 + 24767?
32515
In base 3, what is 12 + -1121111022110202?
-1121111022110120
In base 4, what is 2123201132222 + 3?
2123201132231
In base 3, what is -110100102220 + -22122?
-110100202112
In base 6, what is 5333144 - -540?
5334124
In base 7, what is 203513 + 20044?
223560
In base 13, what is -9 - 603988?
-603994
In base 9, what is -1250743 + 141?
-1250602
In base 6, what is 14310542541 + 5?
14310542550
In base 8, what is 25661 + -151223?
-123342
In base 2, what is 100100 + 101001011100100?
101001100001000
In base 6, what is 2242410015 - 3?
2242410012
In base 16, what is -4b251 - 5a?
-4b2ab
In base 6, what is -3 - -3104355445?
3104355442
In base 3, what is -1 - -111120121202201?
111120121202200
In base 14, what is -24885c - -9?
-248853
In base 2, what is -1001101111000000100 - -11011011?
-1001101110100101001
In base 2, what is 101 - -101011011011110110000010?
101011011011110110000111
In base 7, what is 54 + 10243146?
10243233
In base 15, what is -2e1 - -d8bca?
d88d9
In base 9, what is 134784 + -17308?
116475
In base 13, what is -558 + 2a22?
2497
In base 2, what is -101101111111010101 + -1101110?
-101110000001000011
In base 11, what is -4 + -14a8a93?
-14a8a97
In base 6, what is -1244411 - -1?
-1244410
In base 12, what is -24 + -459944?
-459968
In base 3, what is -1010010 + -210101?
-1220111
In base 13, what is -124 + 16744?
16620
In base 10, what is -779 + -255341?
-256120
In base 12, what is -1b4b - 12bb?
-324a
In base 14, what is -49bc - 75a?
-5338
In base 6, what is -5 - -2534543431?
2534543422
In base 7, what is -320064142 + -6?
-320064151
In base 12, what is 4212288a - 0?
4212288a
In base 16, what is 1ed91 + e03?
1fb94
In base 2, what is -11101000001010100101 - 100?
-11101000001010101001
In base 13, what is 10bb + 9278?
a366
In base 14, what is -13608370 - 4?
-13608374
In base 13, what is -3b96 + -1652?
-5518
In base 15, what is -36ee5c - d?
-36ee6a
In base 5, what is -130012002 + -31?
-130012033
In base 9, what is 55 + -6510842?
-6510776
In base 7, what is -435150553 - 3?
-435150556
In base 14, what is -43251 + -27?
-43278
In base 4, what is -32331320132 - 110?
-32331320302
In base 11, what is 22 + -a320530?
-a320509
In base 15, what is -3 + 6920c21?
6920c1d
In base 4, what is 11200 + -302030?
-230230
In base 15, what is a + 8e180?
8e18a
In base 2, what is -100001010101000001111 - -101101?
-100001010100111100010
In base 14, what is -1488 + -333?
-17bb
In base 11, what is -5452863 + 70?
-54527a3
In base 7, what is 163 - -2565222?
2565415
In base 13, what is 16b684 - 18?
16b669
In base 12, what is -ab + 2410?
2321
In base 10, what is -662449 + 664?
-661785
In base 14, what is -114 - 4b1c71?
-4b1d85
In base 10, what is 4 - 13698549?
-13698545
In base 9, what is -8067 - -122480?
113412
In base 11, what is 343953 + -86?
343878
In base 9, what is -3 - 210457486?
-210457500
In base 6, what is 1353224131 - -4?
1353224135
In base 16, what is 337baef - c?
337bae3
In base 15, what is 3c + ea79?
eab6
In base 16, what is -e1 - 2a68?
-2b49
In base 11, what is -2 + -21966572?
-21966574
In base 13, what is -642871 + 39?
-642835
In base 15, what is 4 + 2211c7?
2211cb
In base 4, what is -201323332220 - -12?
-201323332202
In base 3, what is -1 - -101212012202121?
101212012202120
In base 11, what is 15 + -371a8367?
-371a8352
In base 2, what is 0 + -1001111010111100111010101011?
-1001111010111100111010101011
In base 7, what is 2 + -151451622?
-151451620
In base 11, what is 3 - -57266829?
57266831
In base 5, what is -20221022 - -201?
-20220321
In base 12, what is 6607 - -12094?
1869b
In base 6, what is 1424120140 - 5?
1424120131
In base 10, what is -2615 - -25884?
23269
In base 14, what is -4 - 2cd651?
-2cd655
In base 14, what is 44c476 + 2?
44c478
In base 5, what is 22100 - -1000413?
1023013
In base 2, what is 100000000110 - 111001101111001?
-110101101110011
In base 8, what is 2674301 - -64?
2674365
In base 12, what is 3 - 79b69b9?
-79b69b6
In base 4, what is 21220112010222 + -10?
21220112010212
In base 13, what is 17 + -24c9581?
-24c9567
In base 4, what is 13 + -2331322030310?
-2331322030231
In base 10, what is 259905 - 100?
259805
In base 7, what is -10500423 + 201?
-10500222
In base 12, what is -347 - 1b34?
-227b
In base 8, what is -22727 + -4154?
-27103
In base 8, what is -2 + -235660327?
-235660331
In base 6, what is 20505 - 5144540?
-5124031
In base 16, what is 3a59b + 5?
3a5a0
In base 12, what is 19778b - -41a?
197ba9
In base 2, what is 100011110000100001110 - 100?
100011110000100001010
In base 10, what is 172077 - -48?
172125
In base 15, what is 18 - -cbc9?
cbe2
In base 8, what is 4640 + 152261?
157121
In base 6, what is -4 - 11544302235?
-11544302243
In base 7, what is 205 - 461616?
-461411
In base 4, what is -211221 + 2031133?
1213